{"version":"1.0","provider_name":"Zak\u0142ad opieku\u0144czy - Dom Seniora - Nad Strumykiem","provider_url":"https:\/\/www.domseniora.net","author_name":"admin","author_url":"https:\/\/www.domseniora.net\/index.php\/author\/admin\/","title":"Fundacja \"Promyczek\" - Zak\u0142ad opieku\u0144czy - Dom Seniora - Nad Strumykiem","type":"rich","width":600,"height":338,"html":"<blockquote class=\"wp-embedded-content\" data-secret=\"7mgznz3WuE\"><a href=\"https:\/\/www.domseniora.net\/index.php\/fundacja-promyczek\/\">Fundacja &#8222;Promyczek&#8221;<\/a><\/blockquote><iframe sandbox=\"allow-scripts\" security=\"restricted\" src=\"https:\/\/www.domseniora.net\/index.php\/fundacja-promyczek\/embed\/#?secret=7mgznz3WuE\" width=\"600\" height=\"338\" title=\"&#8222;Fundacja &#8222;Promyczek&#8221;&#8221; &#8212; Zak\u0142ad opieku\u0144czy - Dom Seniora - Nad Strumykiem\" data-secret=\"7mgznz3WuE\" frameborder=\"0\" marginwidth=\"0\" marginheight=\"0\" scrolling=\"no\" class=\"wp-embedded-content\"><\/iframe><script>\n\/*! This file is auto-generated *\/\n!function(d,l){\"use strict\";l.querySelector&&d.addEventListener&&\"undefined\"!=typeof URL&&(d.wp=d.wp||{},d.wp.receiveEmbedMessage||(d.wp.receiveEmbedMessage=function(e){var t=e.data;if((t||t.secret||t.message||t.value)&&!\/[^a-zA-Z0-9]\/.test(t.secret)){for(var s,r,n,a=l.querySelectorAll('iframe[data-secret=\"'+t.secret+'\"]'),o=l.querySelectorAll('blockquote[data-secret=\"'+t.secret+'\"]'),c=new RegExp(\"^https?:$\",\"i\"),i=0;i<o.length;i++)o[i].style.display=\"none\";for(i=0;i<a.length;i++)s=a[i],e.source===s.contentWindow&&(s.removeAttribute(\"style\"),\"height\"===t.message?(1e3<(r=parseInt(t.value,10))?r=1e3:~~r<200&&(r=200),s.height=r):\"link\"===t.message&&(r=new URL(s.getAttribute(\"src\")),n=new URL(t.value),c.test(n.protocol))&&n.host===r.host&&l.activeElement===s&&(d.top.location.href=t.value))}},d.addEventListener(\"message\",d.wp.receiveEmbedMessage,!1),l.addEventListener(\"DOMContentLoaded\",function(){for(var e,t,s=l.querySelectorAll(\"iframe.wp-embedded-content\"),r=0;r<s.length;r++)(t=(e=s[r]).getAttribute(\"data-secret\"))||(t=Math.random().toString(36).substring(2,12),e.src+=\"#?secret=\"+t,e.setAttribute(\"data-secret\",t)),e.contentWindow.postMessage({message:\"ready\",secret:t},\"*\")},!1)))}(window,document);\n<\/script>\n","description":"Fundacja &#8222;Promyczek&#8221; Pomoc Osobom Starszym i Niepe\u0142nosprawnym Fundacja dzia\u0142a na rzecz os\u00f3b starszych i niepe\u0142nosprawnych, koncentruj\u0105c si\u0119 na ich rehabilitacji oraz poprawie jako\u015bci \u017cycia. Naszym celem jest nie tylko wsparcie tych os\u00f3b, ale tak\u017ce aktywizacja spo\u0142ecze\u0144stwa, zw\u0142aszcza m\u0142odzie\u017cy, do zaanga\u017cowania si\u0119 w dzia\u0142alno\u015b\u0107 pomocow\u0105. Wspieramy senior\u00f3w i osoby z niepe\u0142nosprawno\u015bciami oraz ich rodziny poprzez dostarczanie [&hellip;]","thumbnail_url":"http:\/\/www.domseniora.net\/wp-content\/uploads\/elementor\/thumbs\/fundacja_promyczek_5779464528-r0qdi68wzaxr4wpwjmnkck8tp5lzps1awyg5hgnbgo.jpg"}

Zakład opiekuńczy - Dom Seniora - Nad Strumykiem

Fundacja "Promyczek" - Zakład opiekuńczy - Dom Seniora - Nad Strumykiem

<blockquote class="wp-embedded-content" data-secret="7mgznz3WuE"><a href="https://www.domseniora.net/index.php/fundacja-promyczek/">Fundacja &#8222;Promyczek&#8221;</a></blockquote><iframe sandbox="allow-scripts" security="restricted" src="https://www.domseniora.net/index.php/fundacja-promyczek/embed/#?secret=7mgznz3WuE" width="600" height="338" title="&#8222;Fundacja &#8222;Promyczek&#8221;&#8221; &#8212; Zakład opiekuńczy - Dom Seniora - Nad Strumykiem" data-secret="7mgznz3WuE" frameborder="0" marginwidth="0" marginheight="0" scrolling="no" class="wp-embedded-content"></iframe><script>
/*! This file is auto-generated */
!function(d,l){"use strict";l.querySelector&&d.addEventListener&&"undefined"!=typeof URL&&(d.wp=d.wp||{},d.wp.receiveEmbedMessage||(d.wp.receiveEmbedMessage=function(e){var t=e.data;if((t||t.secret||t.message||t.value)&&!/[^a-zA-Z0-9]/.test(t.secret)){for(var s,r,n,a=l.querySelectorAll('iframe[data-secret="'+t.secret+'"]'),o=l.querySelectorAll('blockquote[data-secret="'+t.secret+'"]'),c=new RegExp("^https?:$","i"),i=0;i<o.length;i++)o[i].style.display="none";for(i=0;i<a.length;i++)s=a[i],e.source===s.contentWindow&&(s.removeAttribute("style"),"height"===t.message?(1e3<(r=parseInt(t.value,10))?r=1e3:~~r<200&&(r=200),s.height=r):"link"===t.message&&(r=new URL(s.getAttribute("src")),n=new URL(t.value),c.test(n.protocol))&&n.host===r.host&&l.activeElement===s&&(d.top.location.href=t.value))}},d.addEventListener("message",d.wp.receiveEmbedMessage,!1),l.addEventListener("DOMContentLoaded",function(){for(var e,t,s=l.querySelectorAll("iframe.wp-embedded-content"),r=0;r<s.length;r++)(t=(e=s[r]).getAttribute("data-secret"))||(t=Math.random().toString(36).substring(2,12),e.src+="#?secret="+t,e.setAttribute("data-secret",t)),e.contentWindow.postMessage({message:"ready",secret:t},"*")},!1)))}(window,document);
</script>

Fundacja &#8222;Promyczek&#8221; Pomoc Osobom Starszym i Niepełnosprawnym Fundacja działa na rzecz osób starszych i niepełnosprawnych, koncentrując się na ich rehabilitacji oraz poprawie jakości życia. Naszym celem jest nie tylko wsparcie tych osób, ale także aktywizacja społeczeństwa, zwłaszcza młodzieży, do zaangażowania się w działalność pomocową. Wspieramy seniorów i osoby z niepełnosprawnościami oraz ich rodziny poprzez dostarczanie [&hellip;]
