{"id":197,"date":"2025-01-29T17:56:54","date_gmt":"2025-01-29T17:56:54","guid":{"rendered":"https:\/\/www.domseniora.net\/?page_id=197"},"modified":"2025-06-16T12:30:46","modified_gmt":"2025-06-16T12:30:46","slug":"warunki-przyjecia","status":"publish","type":"page","link":"https:\/\/www.domseniora.net\/index.php\/warunki-przyjecia\/","title":{"rendered":"Warunki przyj\u0119cia"},"content":{"rendered":"\t\t<div data-elementor-type=\"wp-page\" data-elementor-id=\"197\" class=\"elementor elementor-197\">\n\t\t\t\t\t\t<section data-particle_enable=\"false\" data-particle-mobile-disabled=\"false\" class=\"elementor-section elementor-top-section elementor-element elementor-element-3db14db2 elementor-section-content-middle elementor-section-height-min-height elementor-section-items-stretch elementor-reverse-tablet elementor-reverse-mobile elementor-section-boxed elementor-section-height-default\" data-id=\"3db14db2\" data-element_type=\"section\" data-e-type=\"section\" data-settings=\"{&quot;background_background&quot;:&quot;classic&quot;}\">\n\t\t\t\t\t\t<div class=\"elementor-container elementor-column-gap-default\">\n\t\t\t\t\t<div class=\"elementor-column elementor-col-50 elementor-top-column elementor-element elementor-element-6ee90a76\" data-id=\"6ee90a76\" data-element_type=\"column\" data-e-type=\"column\">\n\t\t\t<div class=\"elementor-widget-wrap elementor-element-populated\">\n\t\t\t\t\t\t<div class=\"elementor-element elementor-element-cd24f31 elementor-widget elementor-widget-heading\" data-id=\"cd24f31\" data-element_type=\"widget\" data-e-type=\"widget\" data-widget_type=\"heading.default\">\n\t\t\t\t<div class=\"elementor-widget-container\">\n\t\t\t\t\t<h2 class=\"elementor-heading-title elementor-size-default\">Warunki przyj\u0119cia<\/h2>\t\t\t\t<\/div>\n\t\t\t\t<\/div>\n\t\t\t\t<div class=\"elementor-element elementor-element-2d72f627 elementor-widget elementor-widget-text-editor\" data-id=\"2d72f627\" data-element_type=\"widget\" data-e-type=\"widget\" data-widget_type=\"text-editor.default\">\n\t\t\t\t<div class=\"elementor-widget-container\">\n\t\t\t\t\t\t\t\t\t<p>Warunkiem przyj\u0119cia do DPS &#8222;Nad Strmykiem&#8221; jest zg\u0142oszenie ch\u0119ci umieszczenia osoby bliskiej.<\/p><p>\u00a0\u00a0\u00a0\u00a0 Piewsz\u0105, najw\u0105zniejsz\u0105 spraw\u0105 to kontakt telefoniczny i om\u00f3winie szczeg\u00f3\u0142\u00f3w. Nast\u0119pnie zapraszamy na wizyt\u0119 samemu lub z ewentalnym pensjonariuszem i obejrzenie naszego Domu.\u00a0<\/p><p>\u00a0\u00a0\u00a0\u00a0 Z chwil\u0105 przybycia do DPS, podopieczny oceniany jest pod k\u0105tem sprawno\u015bci fizycznej, stanu zdrowia, jako\u015bci komunikacji, sytuacji prawnej itp., co pozwala na wst\u0119pne ustalenie stopnia wymaganej przez niego opieki. Powy\u017cszej oceny i analizy stanu psychofizycznego oraz jako\u015bci funkcjonowania w DPS dokonuje zesp\u00f3\u0142 pracownik\u00f3w dzia\u0142u opieku\u0144czo &#8211; terapeutycznego, maj\u0105cy na celu ustalenie faktycznych potrzeb i opracowanie Indywidualnego Planu Wspierania Mieszka\u0144ca na dany rok.<\/p>\t\t\t\t\t\t\t\t<\/div>\n\t\t\t\t<\/div>\n\t\t\t\t<div class=\"elementor-element elementor-element-5e3bfad elementor-align-center elementor-widget elementor-widget-button\" data-id=\"5e3bfad\" data-element_type=\"widget\" data-e-type=\"widget\" data-widget_type=\"button.default\">\n\t\t\t\t<div class=\"elementor-widget-container\">\n\t\t\t\t\t\t\t\t\t<div class=\"elementor-button-wrapper\">\n\t\t\t\t\t<a class=\"elementor-button elementor-size-sm\" role=\"button\">\n\t\t\t\t\t\t<span class=\"elementor-button-content-wrapper\">\n\t\t\t\t\t\t\t\t\t<span class=\"elementor-button-text\">Pobierz formularz zg\u0142oszeniowy<\/span>\n\t\t\t\t\t<\/span>\n\t\t\t\t\t<\/a>\n\t\t\t\t<\/div>\n\t\t\t\t\t\t\t\t<\/div>\n\t\t\t\t<\/div>\n\t\t\t\t\t<\/div>\n\t\t<\/div>\n\t\t\t\t<div class=\"elementor-column elementor-col-50 elementor-top-column elementor-element elementor-element-7d775c84\" data-id=\"7d775c84\" data-element_type=\"column\" data-e-type=\"column\" data-settings=\"{&quot;background_background&quot;:&quot;classic&quot;}\">\n\t\t\t<div class=\"elementor-widget-wrap elementor-element-populated\">\n\t\t\t\t\t\t<div class=\"elementor-element elementor-element-be271a4 elementor-hidden-tablet elementor-hidden-mobile elementor-widget elementor-widget-image\" data-id=\"be271a4\" data-element_type=\"widget\" data-e-type=\"widget\" data-settings=\"{&quot;motion_fx_translateY_effect&quot;:&quot;yes&quot;,&quot;motion_fx_motion_fx_scrolling&quot;:&quot;yes&quot;,&quot;motion_fx_translateY_speed&quot;:{&quot;unit&quot;:&quot;px&quot;,&quot;size&quot;:4,&quot;sizes&quot;:[]},&quot;motion_fx_translateY_affectedRange&quot;:{&quot;unit&quot;:&quot;%&quot;,&quot;size&quot;:&quot;&quot;,&quot;sizes&quot;:{&quot;start&quot;:0,&quot;end&quot;:100}},&quot;motion_fx_devices&quot;:[&quot;desktop&quot;,&quot;tablet&quot;,&quot;mobile&quot;]}\" data-widget_type=\"image.default\">\n\t\t\t\t<div class=\"elementor-widget-container\">\n\t\t\t\t\t\t\t\t\t\t\t\t\t\t\t<img fetchpriority=\"high\" decoding=\"async\" width=\"552\" height=\"1024\" src=\"https:\/\/www.domseniora.net\/wp-content\/uploads\/2025\/01\/personel_4861714602-552x1024.jpg\" class=\"attachment-large size-large wp-image-203\" alt=\"\" srcset=\"https:\/\/www.domseniora.net\/wp-content\/uploads\/2025\/01\/personel_4861714602-552x1024.jpg 552w, https:\/\/www.domseniora.net\/wp-content\/uploads\/2025\/01\/personel_4861714602-162x300.jpg 162w, https:\/\/www.domseniora.net\/wp-content\/uploads\/2025\/01\/personel_4861714602-768x1425.jpg 768w, https:\/\/www.domseniora.net\/wp-content\/uploads\/2025\/01\/personel_4861714602-828x1536.jpg 828w, https:\/\/www.domseniora.net\/wp-content\/uploads\/2025\/01\/personel_4861714602.jpg 900w\" sizes=\"(max-width: 552px) 100vw, 552px\" \/>\t\t\t\t\t\t\t\t\t\t\t\t\t\t\t<\/div>\n\t\t\t\t<\/div>\n\t\t\t\t\t<\/div>\n\t\t<\/div>\n\t\t\t\t\t<\/div>\n\t\t<\/section>\n\t\t\t\t<section data-particle_enable=\"false\" data-particle-mobile-disabled=\"false\" class=\"elementor-section elementor-top-section elementor-element elementor-element-5dc61627 elementor-section-content-middle elementor-section-boxed elementor-section-height-default elementor-section-height-default\" data-id=\"5dc61627\" data-element_type=\"section\" data-e-type=\"section\" data-settings=\"{&quot;background_background&quot;:&quot;classic&quot;}\">\n\t\t\t\t\t\t\t<div class=\"elementor-background-overlay\"><\/div>\n\t\t\t\t\t\t\t<div class=\"elementor-container elementor-column-gap-wide\">\n\t\t\t\t\t<div class=\"elementor-column elementor-col-100 elementor-top-column elementor-element elementor-element-7db45651\" data-id=\"7db45651\" data-element_type=\"column\" data-e-type=\"column\">\n\t\t\t<div class=\"elementor-widget-wrap elementor-element-populated\">\n\t\t\t\t\t\t<div class=\"elementor-element elementor-element-7acd0565 elementor-invisible elementor-widget elementor-widget-heading\" data-id=\"7acd0565\" data-element_type=\"widget\" data-e-type=\"widget\" data-settings=\"{&quot;_animation&quot;:&quot;fadeIn&quot;,&quot;_animation_delay&quot;:50}\" data-widget_type=\"heading.default\">\n\t\t\t\t<div class=\"elementor-widget-container\">\n\t\t\t\t\t<h2 class=\"elementor-heading-title elementor-size-default\">Koszt opieki w Domu seniora<\/h2>\t\t\t\t<\/div>\n\t\t\t\t<\/div>\n\t\t\t\t<div class=\"elementor-element elementor-element-2d9b4b1a elementor-widget-divider--view-line elementor-invisible elementor-widget elementor-widget-divider\" data-id=\"2d9b4b1a\" data-element_type=\"widget\" data-e-type=\"widget\" data-settings=\"{&quot;_animation&quot;:&quot;fadeIn&quot;,&quot;_animation_delay&quot;:300}\" data-widget_type=\"divider.default\">\n\t\t\t\t<div class=\"elementor-widget-container\">\n\t\t\t\t\t\t\t<div class=\"elementor-divider\">\n\t\t\t<span class=\"elementor-divider-separator\">\n\t\t\t\t\t\t<\/span>\n\t\t<\/div>\n\t\t\t\t\t\t<\/div>\n\t\t\t\t<\/div>\n\t\t\t\t<div class=\"elementor-element elementor-element-2ea91bd5 elementor-invisible elementor-widget elementor-widget-heading\" data-id=\"2ea91bd5\" data-element_type=\"widget\" data-e-type=\"widget\" data-settings=\"{&quot;_animation&quot;:&quot;fadeIn&quot;,&quot;_animation_delay&quot;:150}\" data-widget_type=\"heading.default\">\n\t\t\t\t<div class=\"elementor-widget-container\">\n\t\t\t\t\t<h2 class=\"elementor-heading-title elementor-size-default\">AKTUALNY KOSZT ZA OPIEK\u0118 W DPS W LEGENDZINIE\n\n<b>5800 z\u0142 + op\u0142ata za leki.<\/b><\/h2>\t\t\t\t<\/div>\n\t\t\t\t<\/div>\n\t\t\t\t\t<\/div>\n\t\t<\/div>\n\t\t\t\t\t<\/div>\n\t\t<\/section>\n\t\t\t\t<section data-particle_enable=\"false\" data-particle-mobile-disabled=\"false\" class=\"elementor-section elementor-top-section elementor-element elementor-element-655c56b0 elementor-section-full_width elementor-section-height-default elementor-section-height-default\" data-id=\"655c56b0\" data-element_type=\"section\" data-e-type=\"section\">\n\t\t\t\t\t\t<div class=\"elementor-container elementor-column-gap-no\">\n\t\t\t\t\t<div class=\"elementor-column elementor-col-100 elementor-top-column elementor-element elementor-element-14b63db0\" data-id=\"14b63db0\" data-element_type=\"column\" data-e-type=\"column\">\n\t\t\t<div class=\"elementor-widget-wrap elementor-element-populated\">\n\t\t\t\t\t\t<div class=\"elementor-element elementor-element-1b8ab8ca elementor-widget elementor-widget-google_maps\" data-id=\"1b8ab8ca\" data-element_type=\"widget\" data-e-type=\"widget\" data-widget_type=\"google_maps.default\">\n\t\t\t\t<div class=\"elementor-widget-container\">\n\t\t\t\t\t\t\t<div class=\"elementor-custom-embed\">\n\t\t\t<iframe loading=\"lazy\"\n\t\t\t\t\tsrc=\"https:\/\/maps.google.com\/maps?q=%20Legendzin%202%2C%2095-083%20Legendzin&#038;t=m&#038;z=12&#038;output=embed&#038;iwloc=near\"\n\t\t\t\t\ttitle=\" Legendzin 2, 95-083 Legendzin\"\n\t\t\t\t\taria-label=\" Legendzin 2, 95-083 Legendzin\"\n\t\t\t><\/iframe>\n\t\t<\/div>\n\t\t\t\t\t\t<\/div>\n\t\t\t\t<\/div>\n\t\t\t\t\t<\/div>\n\t\t<\/div>\n\t\t\t\t\t<\/div>\n\t\t<\/section>\n\t\t\t\t<\/div>\n\t\t","protected":false},"excerpt":{"rendered":"<p>Warunki przyj\u0119cia Warunkiem przyj\u0119cia do DPS &#8222;Nad Strmykiem&#8221; jest zg\u0142oszenie ch\u0119ci umieszczenia osoby bliskiej. \u00a0\u00a0\u00a0\u00a0 Piewsz\u0105, najw\u0105zniejsz\u0105 spraw\u0105 to kontakt telefoniczny i om\u00f3winie szczeg\u00f3\u0142\u00f3w. Nast\u0119pnie zapraszamy na wizyt\u0119 samemu lub z ewentalnym pensjonariuszem i obejrzenie naszego Domu.\u00a0 \u00a0\u00a0\u00a0\u00a0 Z chwil\u0105 przybycia do DPS, podopieczny oceniany jest pod k\u0105tem sprawno\u015bci fizycznej, stanu zdrowia, jako\u015bci komunikacji, sytuacji [&hellip;]<\/p>\n","protected":false},"author":1,"featured_media":0,"parent":0,"menu_order":0,"comment_status":"closed","ping_status":"closed","template":"elementor_canvas","meta":{"footnotes":""},"class_list":["post-197","page","type-page","status-publish","hentry"],"yoast_head":"<!-- This site is optimized with the Yoast SEO plugin v26.8 - https:\/\/yoast.com\/product\/yoast-seo-wordpress\/ -->\n<title>Warunki przyj\u0119cia - Zak\u0142ad opieku\u0144czy - Dom Seniora - Nad Strumykiem<\/title>\n<meta name=\"robots\" content=\"index, follow, max-snippet:-1, max-image-preview:large, max-video-preview:-1\" \/>\n<link rel=\"canonical\" href=\"http:\/\/www.domseniora.net\/index.php\/warunki-przyjecia\/\" \/>\n<meta property=\"og:locale\" content=\"pl_PL\" \/>\n<meta property=\"og:type\" content=\"article\" \/>\n<meta property=\"og:title\" content=\"Warunki przyj\u0119cia - Zak\u0142ad opieku\u0144czy - Dom Seniora - Nad Strumykiem\" \/>\n<meta property=\"og:description\" content=\"Warunki przyj\u0119cia Warunkiem przyj\u0119cia do DPS &#8222;Nad Strmykiem&#8221; jest zg\u0142oszenie ch\u0119ci umieszczenia osoby bliskiej. \u00a0\u00a0\u00a0\u00a0 Piewsz\u0105, najw\u0105zniejsz\u0105 spraw\u0105 to kontakt telefoniczny i om\u00f3winie szczeg\u00f3\u0142\u00f3w. Nast\u0119pnie zapraszamy na wizyt\u0119 samemu lub z ewentalnym pensjonariuszem i obejrzenie naszego Domu.\u00a0 \u00a0\u00a0\u00a0\u00a0 Z chwil\u0105 przybycia do DPS, podopieczny oceniany jest pod k\u0105tem sprawno\u015bci fizycznej, stanu zdrowia, jako\u015bci komunikacji, sytuacji [&hellip;]\" \/>\n<meta property=\"og:url\" content=\"http:\/\/www.domseniora.net\/index.php\/warunki-przyjecia\/\" \/>\n<meta property=\"og:site_name\" content=\"Zak\u0142ad opieku\u0144czy - Dom Seniora - Nad Strumykiem\" \/>\n<meta property=\"article:modified_time\" content=\"2025-06-16T12:30:46+00:00\" \/>\n<meta property=\"og:image\" content=\"http:\/\/www.domseniora.net\/wp-content\/uploads\/2025\/01\/personel_4861714602-552x1024.jpg\" \/>\n<meta name=\"twitter:card\" content=\"summary_large_image\" \/>\n<meta name=\"twitter:label1\" content=\"Szacowany czas czytania\" \/>\n\t<meta name=\"twitter:data1\" content=\"1 minuta\" \/>\n<script type=\"application\/ld+json\" class=\"yoast-schema-graph\">{\"@context\":\"https:\/\/schema.org\",\"@graph\":[{\"@type\":\"WebPage\",\"@id\":\"http:\/\/www.domseniora.net\/index.php\/warunki-przyjecia\/\",\"url\":\"http:\/\/www.domseniora.net\/index.php\/warunki-przyjecia\/\",\"name\":\"Warunki przyj\u0119cia - Zak\u0142ad opieku\u0144czy - Dom Seniora - Nad Strumykiem\",\"isPartOf\":{\"@id\":\"http:\/\/www.domseniora.net\/#website\"},\"primaryImageOfPage\":{\"@id\":\"http:\/\/www.domseniora.net\/index.php\/warunki-przyjecia\/#primaryimage\"},\"image\":{\"@id\":\"http:\/\/www.domseniora.net\/index.php\/warunki-przyjecia\/#primaryimage\"},\"thumbnailUrl\":\"http:\/\/www.domseniora.net\/wp-content\/uploads\/2025\/01\/personel_4861714602-552x1024.jpg\",\"datePublished\":\"2025-01-29T17:56:54+00:00\",\"dateModified\":\"2025-06-16T12:30:46+00:00\",\"breadcrumb\":{\"@id\":\"http:\/\/www.domseniora.net\/index.php\/warunki-przyjecia\/#breadcrumb\"},\"inLanguage\":\"pl-PL\",\"potentialAction\":[{\"@type\":\"ReadAction\",\"target\":[\"http:\/\/www.domseniora.net\/index.php\/warunki-przyjecia\/\"]}]},{\"@type\":\"ImageObject\",\"inLanguage\":\"pl-PL\",\"@id\":\"http:\/\/www.domseniora.net\/index.php\/warunki-przyjecia\/#primaryimage\",\"url\":\"https:\/\/www.domseniora.net\/wp-content\/uploads\/2025\/01\/personel_4861714602.jpg\",\"contentUrl\":\"https:\/\/www.domseniora.net\/wp-content\/uploads\/2025\/01\/personel_4861714602.jpg\",\"width\":900,\"height\":1670},{\"@type\":\"BreadcrumbList\",\"@id\":\"http:\/\/www.domseniora.net\/index.php\/warunki-przyjecia\/#breadcrumb\",\"itemListElement\":[{\"@type\":\"ListItem\",\"position\":1,\"name\":\"Strona g\u0142\u00f3wna\",\"item\":\"http:\/\/www.domseniora.net\/\"},{\"@type\":\"ListItem\",\"position\":2,\"name\":\"Warunki przyj\u0119cia\"}]},{\"@type\":\"WebSite\",\"@id\":\"http:\/\/www.domseniora.net\/#website\",\"url\":\"http:\/\/www.domseniora.net\/\",\"name\":\"Zak\u0142ad opieku\u0144czy - Dom Seniora - Nad Strumykiem\",\"description\":\"Zielono mi\",\"publisher\":{\"@id\":\"http:\/\/www.domseniora.net\/#organization\"},\"potentialAction\":[{\"@type\":\"SearchAction\",\"target\":{\"@type\":\"EntryPoint\",\"urlTemplate\":\"http:\/\/www.domseniora.net\/?s={search_term_string}\"},\"query-input\":{\"@type\":\"PropertyValueSpecification\",\"valueRequired\":true,\"valueName\":\"search_term_string\"}}],\"inLanguage\":\"pl-PL\"},{\"@type\":\"Organization\",\"@id\":\"http:\/\/www.domseniora.net\/#organization\",\"name\":\"Zak\u0142ad opieku\u0144czy - Dom Seniora - Nad Strumykiem\",\"url\":\"http:\/\/www.domseniora.net\/\",\"logo\":{\"@type\":\"ImageObject\",\"inLanguage\":\"pl-PL\",\"@id\":\"http:\/\/www.domseniora.net\/#\/schema\/logo\/image\/\",\"url\":\"https:\/\/www.domseniora.net\/wp-content\/uploads\/2025\/06\/IMG_20250605_071240.jpg\",\"contentUrl\":\"https:\/\/www.domseniora.net\/wp-content\/uploads\/2025\/06\/IMG_20250605_071240.jpg\",\"width\":3072,\"height\":4096,\"caption\":\"Zak\u0142ad opieku\u0144czy - Dom Seniora - Nad Strumykiem\"},\"image\":{\"@id\":\"http:\/\/www.domseniora.net\/#\/schema\/logo\/image\/\"}}]}<\/script>\n<!-- \/ Yoast SEO plugin. -->","yoast_head_json":{"title":"Warunki przyj\u0119cia - Zak\u0142ad opieku\u0144czy - Dom Seniora - Nad Strumykiem","robots":{"index":"index","follow":"follow","max-snippet":"max-snippet:-1","max-image-preview":"max-image-preview:large","max-video-preview":"max-video-preview:-1"},"canonical":"http:\/\/www.domseniora.net\/index.php\/warunki-przyjecia\/","og_locale":"pl_PL","og_type":"article","og_title":"Warunki przyj\u0119cia - Zak\u0142ad opieku\u0144czy - Dom Seniora - Nad Strumykiem","og_description":"Warunki przyj\u0119cia Warunkiem przyj\u0119cia do DPS &#8222;Nad Strmykiem&#8221; jest zg\u0142oszenie ch\u0119ci umieszczenia osoby bliskiej. \u00a0\u00a0\u00a0\u00a0 Piewsz\u0105, najw\u0105zniejsz\u0105 spraw\u0105 to kontakt telefoniczny i om\u00f3winie szczeg\u00f3\u0142\u00f3w. Nast\u0119pnie zapraszamy na wizyt\u0119 samemu lub z ewentalnym pensjonariuszem i obejrzenie naszego Domu.\u00a0 \u00a0\u00a0\u00a0\u00a0 Z chwil\u0105 przybycia do DPS, podopieczny oceniany jest pod k\u0105tem sprawno\u015bci fizycznej, stanu zdrowia, jako\u015bci komunikacji, sytuacji [&hellip;]","og_url":"http:\/\/www.domseniora.net\/index.php\/warunki-przyjecia\/","og_site_name":"Zak\u0142ad opieku\u0144czy - Dom Seniora - Nad Strumykiem","article_modified_time":"2025-06-16T12:30:46+00:00","og_image":[{"url":"http:\/\/www.domseniora.net\/wp-content\/uploads\/2025\/01\/personel_4861714602-552x1024.jpg","type":"","width":"","height":""}],"twitter_card":"summary_large_image","twitter_misc":{"Szacowany czas czytania":"1 minuta"},"schema":{"@context":"https:\/\/schema.org","@graph":[{"@type":"WebPage","@id":"http:\/\/www.domseniora.net\/index.php\/warunki-przyjecia\/","url":"http:\/\/www.domseniora.net\/index.php\/warunki-przyjecia\/","name":"Warunki przyj\u0119cia - Zak\u0142ad opieku\u0144czy - Dom Seniora - Nad Strumykiem","isPartOf":{"@id":"http:\/\/www.domseniora.net\/#website"},"primaryImageOfPage":{"@id":"http:\/\/www.domseniora.net\/index.php\/warunki-przyjecia\/#primaryimage"},"image":{"@id":"http:\/\/www.domseniora.net\/index.php\/warunki-przyjecia\/#primaryimage"},"thumbnailUrl":"http:\/\/www.domseniora.net\/wp-content\/uploads\/2025\/01\/personel_4861714602-552x1024.jpg","datePublished":"2025-01-29T17:56:54+00:00","dateModified":"2025-06-16T12:30:46+00:00","breadcrumb":{"@id":"http:\/\/www.domseniora.net\/index.php\/warunki-przyjecia\/#breadcrumb"},"inLanguage":"pl-PL","potentialAction":[{"@type":"ReadAction","target":["http:\/\/www.domseniora.net\/index.php\/warunki-przyjecia\/"]}]},{"@type":"ImageObject","inLanguage":"pl-PL","@id":"http:\/\/www.domseniora.net\/index.php\/warunki-przyjecia\/#primaryimage","url":"https:\/\/www.domseniora.net\/wp-content\/uploads\/2025\/01\/personel_4861714602.jpg","contentUrl":"https:\/\/www.domseniora.net\/wp-content\/uploads\/2025\/01\/personel_4861714602.jpg","width":900,"height":1670},{"@type":"BreadcrumbList","@id":"http:\/\/www.domseniora.net\/index.php\/warunki-przyjecia\/#breadcrumb","itemListElement":[{"@type":"ListItem","position":1,"name":"Strona g\u0142\u00f3wna","item":"http:\/\/www.domseniora.net\/"},{"@type":"ListItem","position":2,"name":"Warunki przyj\u0119cia"}]},{"@type":"WebSite","@id":"http:\/\/www.domseniora.net\/#website","url":"http:\/\/www.domseniora.net\/","name":"Zak\u0142ad opieku\u0144czy - Dom Seniora - Nad Strumykiem","description":"Zielono mi","publisher":{"@id":"http:\/\/www.domseniora.net\/#organization"},"potentialAction":[{"@type":"SearchAction","target":{"@type":"EntryPoint","urlTemplate":"http:\/\/www.domseniora.net\/?s={search_term_string}"},"query-input":{"@type":"PropertyValueSpecification","valueRequired":true,"valueName":"search_term_string"}}],"inLanguage":"pl-PL"},{"@type":"Organization","@id":"http:\/\/www.domseniora.net\/#organization","name":"Zak\u0142ad opieku\u0144czy - Dom Seniora - Nad Strumykiem","url":"http:\/\/www.domseniora.net\/","logo":{"@type":"ImageObject","inLanguage":"pl-PL","@id":"http:\/\/www.domseniora.net\/#\/schema\/logo\/image\/","url":"https:\/\/www.domseniora.net\/wp-content\/uploads\/2025\/06\/IMG_20250605_071240.jpg","contentUrl":"https:\/\/www.domseniora.net\/wp-content\/uploads\/2025\/06\/IMG_20250605_071240.jpg","width":3072,"height":4096,"caption":"Zak\u0142ad opieku\u0144czy - Dom Seniora - Nad Strumykiem"},"image":{"@id":"http:\/\/www.domseniora.net\/#\/schema\/logo\/image\/"}}]}},"_links":{"self":[{"href":"https:\/\/www.domseniora.net\/index.php\/wp-json\/wp\/v2\/pages\/197","targetHints":{"allow":["GET"]}}],"collection":[{"href":"https:\/\/www.domseniora.net\/index.php\/wp-json\/wp\/v2\/pages"}],"about":[{"href":"https:\/\/www.domseniora.net\/index.php\/wp-json\/wp\/v2\/types\/page"}],"author":[{"embeddable":true,"href":"https:\/\/www.domseniora.net\/index.php\/wp-json\/wp\/v2\/users\/1"}],"replies":[{"embeddable":true,"href":"https:\/\/www.domseniora.net\/index.php\/wp-json\/wp\/v2\/comments?post=197"}],"version-history":[{"count":31,"href":"https:\/\/www.domseniora.net\/index.php\/wp-json\/wp\/v2\/pages\/197\/revisions"}],"predecessor-version":[{"id":1592,"href":"https:\/\/www.domseniora.net\/index.php\/wp-json\/wp\/v2\/pages\/197\/revisions\/1592"}],"wp:attachment":[{"href":"https:\/\/www.domseniora.net\/index.php\/wp-json\/wp\/v2\/media?parent=197"}],"curies":[{"name":"wp","href":"https:\/\/api.w.org\/{rel}","templated":true}]}}